 + 1
-3
Evaluate (-16 - -18) + (2 + -2 - 1).
1
Evaluate 6 - (6 - (-4 + 6)).
2
Evaluate -4 + 9 + -5 + -3 + 5.
2
(-13 - (3 - 8)) + (0 - -4)
-4
Calculate 0 + -2 - -1 - (-3 + 4).
-2
Evaluate -2 + 3 + (-2 - -2) - -5.
6
Evaluate (-9 - -18) + -16 + -2.
-9
3 - (-4 + 5 + 0)
2
Evaluate -10 - -10 - (1 + 1) - -3.
1
What is (0 - 0) + (3 - 2) + 1?
2
-8 - (-5 + -2 + 2 + 1)
-4
What is -3 - -3 - 2 - -3?
1
What is the value of -2 + 0 + (5 - (1 + 8))?
-6
Evaluate -4 - -2 - (2 - 3) - -4.
3
Evaluate -1 + 0 - (-13 + 8).
4
What is (2 - (-9 - -16)) + 0 + 1?
-4
What is the value of 18 + -5 + -7 + (-9 - 2)?
-5
Calculate 8 - (6 + (1 - 2)).
3
What is the value of (-1 - -5) + -1 + -5 + -3?
-5
Calculate 0 - -3 - -1 - 8.
-4
What is 2 - (9 + -10 - (1 + -4))?
0
Calculate 1 - (-2 - (-6 - -6)) - 8.
-5
0 - 0 - (-18 - -20) - 2
-4
Evaluate (1 - (5 + -2)) + 10 + -7.
1
What is the value of (2 - (-2 - -4)) + 1 - 3?
-2
What is 1 + 12 - (81 - 72)?
4
What is the value of (-1 - 4 - (-1 - 1)) + 6?
3
2 + -12 + -14 + 13
-11
Calculate (1 - 1) + -2 - (4 + -10).
4
Calculate (37 - 36) + -1 + -5.
-5
Evaluate 4 + (-1 - (5 + -3)).
1
What is 9 - (1 + -4 - -7)?
5
What is (-9 - -2) + 7 + (-11 - -6)?
-5
What is the value of 3 - (-3 + (4 - -5))?
-3
6 - (-5 + 2 + 0 + 5)
4
Calculate (-3 - 2) + (29 - 17).
7
What is the value of -1 + 2 + -7 + (18 - 6)?
6
What is -3 + (1 - -1) + (14 - 4)?
9
-2 - 1 - (-11 + 4) - 5
-1
What is the value of (265 - 275) + (-2 - -1 - -7)?
-4
What is -4 - (4 - 7 - 1)?
0
What is the value of -19 - (4 - -1 - 20)?
-4
What is the value of -7 - (4 - 4) - -5?
-2
1 - (2 - 2) - (11 - 5)
-5
-3 + 2 - (6 + 12 + -12)
-7
Calculate 1 + -15 - (130 + -140).
-4
Evaluate (-11 - -10) + 1 + (7 - 3).
4
What is -4 + (8 - 8 - 1)?
-5
0 + (-2 + 4 - -2)
4
What is the value of (-1 - -9) + (-115 - -109)?
2
Calculate (5 + 3 - 2) + (-11 - -12).
7
26 + -27 - (-7 - -1)
5
What is -1 + -2 - (-18 + 14) - 4?
-3
0 - -2 - (73 - 61)
-10
Calculate 2 + 3 + -10 + 1 + 2.
-2
What is (-10 - (10 - 14)) + 2?
-4
What is -9 + -4 - (15 - 34)?
6
What is 0 + -1 + 4 + -3 - -2?
2
Calculate (-2 - (3 + -9)) + -1.
3
Calculate 1 + (-1 - -5) + (-2 - 2).
1
What is the value of -3 + 4 + -1 + -27 + 24?
-3
What is 21 + -20 - (1 - -2)?
-2
What is the value of 10 - 7 - (-1 - -6) - -4?
2
What is the value of 4 + (-8 - 1) - -7 - 3?
-1
-2 - (-6 + 1 + 11 + -8)
0
What is the value of (2 - (-2 + 0)) + -4 + 4?
4
What is -5 + 1 - (0 - (-1 + 2))?
-3
What is the value of (4 - 5) + (1 - 2)?
-2
Calculate (0 + -3 - -2) + 3 + 0.
2
0 - (2 - (-2 + 3 - 4))
-5
What is the value of 5 + -9 + 9 + (-1 - 4)?
0
Calculate 0 - ((-8 - -6) + 1).
1
What is the value of -3 - -1 - (-8 + 2 + 0)?
4
Calculate 4 - (-9 + 2 + 6).
5
Evaluate 24 + -20 - (-1 - -8) - -1.
-2
What is the value of 12 + 6 + -4 + -11?
3
Calculate (2 - (-1 + 8)) + 12.
7
What is (-3 - (-3 + 3)) + -1?
-4
What is the value of -6 + (13 - -3) - 5?
5
-1 + 10 + -7 - -5
7
Evaluate (-9 - -7) + -9 + 14.
3
Calculate 8 + 0 + -14 + -1.
-7
Evaluate (2 - (-1 - (4 - 2))) + -7.
-2
Calculate (-6 - (-4 - 1)) + (-1 - -4).
2
What is 0 + 4 + -4 + 5?
5
Calculate -4 + 6 + 3 + 0 + 0.
5
What is the value of 0 + (-2 + -3 - -3)?
-2
Evaluate -1 + 5 + (-43 - -35).
-4
What is 11 - (2 + (2 - -8))?
-1
13 + -14 + 1 - (-1 - 6)
7
What is (1 - 5) + 0 + 5?
1
What is (-1 - -4) + (-10 - -6)?
-1
What is the value of (3 - 1) + 0 + 2 + -2?
2
Evaluate -7 + 3 + -1 - -3.
-2
What is the value of (27 - 4 - 11) + (-1 - 6)?
5
Calculate 4 + -5 + 9 + -3.
5
What is the value of -2 - (-3 + 11 + -3 + -2)?
-5
3 + -1 + (1 - 1)
2
(-26 - -24) + 8 + 1
7
What is -5 + 1 + (0 - -1) + 0?
-3
6 + -6 + (2 - 0)
2
Evaluate 9 - -1 - (124 - 120).
6
13 - ((1 - -8) + 2)
2
Evaluate -34 + 37 - (1 + -2).
4
What is the value of -6 - -5 - (1 - -2)?
-4
What is the value of 8 - (-1 + (13 - 8))?
4
What is the value of -1 + (7 + -4 - 3) + -2?
-3
What is -2 - (-4 - (2 - 4))?
0
What is 4 - (-8 - -8) - -3?
7
Evaluate 0 + -12 - (-17 + -6 - -18).
-7
What is the value of 2 + 4 + -6 + -1?
-1
Calculate 3 - -8 - 2 - 8.
1
What is the value of (-1 - (2 - 4)) + 0 + -3?
-2
Evaluate -5 + -2 + 7 + -2.
-2
What is -5 - -7 - (8 + -4 - 4)?
2
Calculate 8 - (4 - -5 - 12).
11
What is (7 - 1) + 2 + (-12 - -11)?
7
What is the value of -7 - (-3 - 2) - (-3 - 1)?
2
1 - 2 - (-5 + 0 - -4)
0
What is (-11 + 4 - -7) + 4 + 0?
4
What is the value of -3 - 1 - (5 + -4)?
-5
5 - 7 - (1 + -5)
2
What is the value of 1 + 4 + -2 + (0 - 1)?
2
What is the value of (-2 - -7) + -5 + 0?
0
Evaluate -2 - -4 - (-9 + 8).
3
What is the value of 3 - (10 + (1 - 2 - 3))?
-3
What is the value of -5 + 6 + (-5 - -2) + -5?
-7
What is 0 + (-3 - (-2 - -2))?
-3
What is the value of -4 + (-3 - -2 - 1) - -5?
-1
Calculate -5 + (1 - -8) - 1.
3
Calculate 1 - (5 - (1 + 1) - -1).
-3
What is -1 - ((3 - 3) + 2)?
-3
What is the value of 17 - 8 - (-8 + 17)?
0
Evaluate -2 - -9 - (18 + -11).
0
Calculate 2 + (-8 - -3) + 4.
1
Evaluate -2 + -3 + 8 + -8.
-5
What is the value of 1 - 1 - (3 + 2)?
-5
Evaluate (2 - -2 - -2 - 6) + -2.
-2
What is 1 + 3 + -2 + -4?
-2
What is the value of -7 + (4 - (4 - (2 + 3)))?
-2
59 + -68 - (-7 + -1)
-1
What is -5 + 4 + 2 + -4?
-3
2 - (2 + 0 + (1 - 1))
0
Calculate 11 + (2 - -7) + -21.
-1
0 + (3 - (4 + -3))
2
What is -3 + (10 - 8) + 3?
2
What is the value of -9 + (8 - (-2 + 0))?
1
Calculate (-3 - -11) + -9 - 9.
-10
What is -8 + 13 - (-3 - -2 - -2)?
4
What is the value of (1 - 2) + (3 - 7)?
-5
Evaluate 0 - 6 - (-2 + 1 + 0).
-5
-13 + (1 + 1 - (-37 - -34))
-8
Evaluate 11 + (6 - 10 - 0) + -3.
4
3 + (-7 - -4) - (-8 + 11)
-3
What is 2 + 1 + 1 - (1 + 5)?
-2
Calculate (-7 + 3 - -3) + (-14 - -12).
-3
What is 11 + -11 + (3 - (2 - 3))?
4
What is the value of 4 - (-1 + 3 + -2 - 1)?
5
Calculate (5 - -1) + (-22 - -8) + 4.
-4
Evaluate 9 + -3 - (5 - 4 - -8).
-3
Calculate -2 + 1 + (-4 - -11 - 12).
-6
Evaluate (7 - (-2 - -5)) + -6.
-2
Calculate (-14 + 13 - (-10 - -1)) + -4.
4
0 + 0 + -5 + (-4 - -10)
1
(-2 - (1 + 0)) + 33 + -28
2
Calculate -6 + -1 - (-13 + (1 - 0)).
5
Calculate 5 + -14 + 6 + 1.
-2
Evaluate 13 + -19 + 4 + 3.
1
What is -10 + (-5 - (3 - 12))?
-6
What is 2 + -1 + -7 + -5 + 12?
1
Calculate -1 - (-7 - (-5 + -2)).
-1
Evaluate 4 + -2 - (0 - (9 + -14)).
-3
Calculate 1 - 1 - (5 + -7 + 0).
2
-7 - ((2 - 2) + 29 + -29)
-7
18 - ((9 - -1) + 0)
8
Evaluate 9 + -3 - 16 - (3 + -7).
-6
What is (2 - (7 - 3)) + 5?
3
What is (3 - 3) + (3 - (-2 + 4))?
1
What is the value of 2 + -1 + 2 - (-34 + 38)?
-1
What is the value of 0 + 1 + 1 - (-12 - -18)?
-4
What is the value of (4 - (5 - (2 - -1))) + -2?
0
What is -3 - -8 - 2 - (1 + 2)?
0
What is the value of 1 + 10 - 2 - 0 - 4?
5
What is the value of 0 + -2 - (0 - (4 + -2))?
0
-3 - (-3 + -4) - 7
-3
Calculate (-4 + -1 - -7) + -2 + -3.
-3
Calculate 59 - 57 - (-1 + (5 - 0)).
-2
(-1 - 4 - -5) + 11 + -8
3
What is the value of -1 - -5 - (-3 - (1 - 10))?
-2
What is 9 - 10 - ((-1 - 0) + 2)?
-2
Calculate -2 + 0 + (-1 + 7 - 4).
0
Calculate -3 + (0 - (-1 + 0)).
-2
Evaluate (-1 - (3 + -2)) + -3.
-5
Evaluate (4 - 6) + 1 + 0.
-1
Evaluate -3 + 1 - -1 - (2 + 1).
-4
-5 - ((5 - 9) + 4) - 1
-6
2 + -1 - (-1 - (3 + -2))
3
Calculate 15 - 17 - (-1 + 1).
-2
What is the value of (-1 - (-1 + 0)) + -2?
-2
Calculate -5 + (5 - (6 + -10)).
4
What is -1 - 2 - (-7 + 7 - -6)?
-9
Evaluate -5 + 4 + -8 + 15.
6
11 + (8 - 10) + -7
2
Evaluate -6 - (-11 - 0 - (6 + -12)).
-1
What is -2 + (-2 - -9) - (8 + -5)?
2
What is the value of -6 + 4 - (-14 + 14)?
-2
What is the value of 2 - 1 - (5 - -7 - 13)?
2
Calculate (0 - -5) + 39 + -38.
6
Calculate 5 + 2 + (-4 - -6) + -8.
1
What is (-4 - (3 + -2)) + (-2 - -3)?
-4
What is -3 + 4 + (-7 - -5)?
-1
0 - -4 - 5 - (-6 - -6)
-1
What is (0 - 5) + (-1 - 8) + 9?
-5
Calculate 1 + -9 + (-2 - (5 - 12)).
-3
(0 - (16 + -7)) + 3
-6
What is the value of 6 + (0 + 1 - 5)?
2
What is the value of -55 - -55 - (1 - (-1 - 0))?
-2
11 + -3 + 4 + -5
7
What is the value of 0 - -4 - 4 - 2?
-2
2 + -2 - (-3 - (1 - 2))
2
What is the value of 3 - ((4 - -1) + -3)?
1
What is the value of 1 + -2 - (-3 - 1)?
3
What is the value of (-13 - -8) + 10 - 9?
-4
Calculate -5 + 17 - (5 + 1).
6
What is the value of (1 - -3) + (0 - (24 - 12))?
-8
What is the value of 4 - (10 - -2) - -1?
-7
Evaluate 3 - (2 - 1 - -3).
-1
What is the value of (12 - 7) + 1 + -6?
0
Evaluate (0 - 0) + 5 + -3.
2
Calculate -8 + 3 + (9 - -2).
6
What is the value of 1 + (10 + -4 - 2)?
